e highest common factor of 15876 and 1772379.
441
What is the highest common divisor of 7572 and 57157242?
3786
Calculate the greatest common factor of 18 and 3333373830.
18
What is the greatest common factor of 248646198 and 1266?
1266
Calculate the greatest common factor of 520 and 114774400.
520
What is the highest common divisor of 50863876 and 14?
14
Calculate the highest common divisor of 887951712 and 96.
96
Calculate the highest common divisor of 74 and 91378.
2
What is the highest common divisor of 470162 and 115588?
1562
What is the greatest common factor of 1 and 736?
1
What is the highest common divisor of 491443 and 1?
1
What is the greatest common divisor of 10 and 1023370?
10
What is the greatest common factor of 7750 and 197870?
10
What is the greatest common divisor of 30243 and 2403?
3
Calculate the highest common divisor of 96892789 and 2212.
553
What is the greatest common divisor of 999530 and 5974255?
4585
Calculate the highest common factor of 8 and 3896888.
8
Calculate the highest common factor of 6492 and 244165743.
1623
Calculate the highest common factor of 104043 and 7031.
79
What is the highest common divisor of 2 and 81398726?
2
What is the greatest common divisor of 15288 and 39914784?
2184
What is the greatest common divisor of 18224268 and 456?
228
Calculate the highest common divisor of 213233 and 23433.
73
Calculate the greatest common factor of 95844 and 675798.
978
Calculate the highest common factor of 23722608 and 300.
12
What is the highest common divisor of 7289 and 58672904?
197
What is the greatest common factor of 773971276 and 344?
172
What is the greatest common divisor of 33 and 12565036?
11
What is the highest common factor of 136 and 126312?
8
Calculate the greatest common divisor of 2 and 698826840.
2
What is the highest common divisor of 141468 and 3324?
12
What is the highest common factor of 12 and 14699316?
12
What is the highest common divisor of 50050 and 34297263?
1001
What is the greatest common divisor of 3212 and 13669834?
146
What is the highest common divisor of 377596232 and 104?
104
What is the greatest common factor of 583688 and 26768?
56
What is the greatest common divisor of 17382408 and 72?
24
Calculate the highest common divisor of 10088 and 61686859.
1261
Calculate the highest common factor of 21535 and 5623920.
365
What is the highest common divisor of 258 and 25748916?
258
Calculate the highest common factor of 5542 and 3582903.
2771
What is the greatest common divisor of 9731214 and 252?
18
Calculate the greatest common factor of 5501700 and 19800.
900
Calculate the greatest common divisor of 24136 and 117442328.
3448
What is the highest common divisor of 48322560 and 230880?
6240
What is the highest common factor of 27954000 and 10?
10
What is the highest common factor of 52655 and 1300?
5
What is the greatest common divisor of 154512 and 80736?
1392
What is the greatest common factor of 115786412 and 3724?
196
What is the highest common factor of 555006 and 574062?
2382
Calculate the highest common factor of 825066788 and 33124.
4732
Calculate the greatest common factor of 102208 and 3318566.
3194
Calculate the greatest common factor of 147032 and 1880.
8
Calculate the highest common factor of 42 and 21174657.
21
What is the highest common divisor of 2088 and 2119088?
232
What is the greatest common factor of 172647 and 963?
9
What is the highest common factor of 42946 and 228520?
394
What is the greatest common factor of 248615 and 643782?
2617
What is the highest common factor of 415697332 and 292?
292
What is the highest common factor of 33902 and 18766?
22
What is the greatest common factor of 59624 and 19488?
232
What is the greatest common divisor of 1473635 and 995?
5
What is the greatest common factor of 1065 and 14612865?
1065
What is the greatest common factor of 63 and 3257464?
7
What is the greatest common divisor of 547079 and 2457?
13
What is the highest common divisor of 417836 and 1028?
4
What is the highest common factor of 12740 and 938210?
910
Calculate the greatest common factor of 1128903 and 164973.
381
Calculate the greatest common divisor of 1216 and 87216.
16
Calculate the greatest common factor of 193190854 and 856.
214
What is the greatest common divisor of 3237 and 9437909?
13
Calculate the highest common factor of 10640 and 37956224.
304
What is the highest common divisor of 162 and 88018713?
9
Calculate the highest common divisor of 13262 and 4160080.
698
Calculate the greatest common factor of 1454916770 and 5212.
2606
What is the greatest common divisor of 135408 and 371436?
156
What is the highest common factor of 1209572 and 7410?
26
Calculate the highest common factor of 58086 and 53760.
42
Calculate the highest common divisor of 12862 and 422558.
118
What is the greatest common factor of 22 and 3868234?
2
Calculate the greatest common divisor of 3216734 and 230.
46
Calculate the greatest common divisor of 22742249 and 664.
83
What is the highest common factor of 378 and 9069228?
126
Calculate the highest common factor of 232097 and 19933.
31
What is the highest common divisor of 15283 and 1055581?
527
Calculate the greatest common divisor of 216 and 3753144.
72
What is the greatest common factor of 20634 and 52549368?
1086
What is the highest common factor of 16490 and 368917?
17
What is the greatest common divisor of 13395145 and 5805?
215
What is the highest common factor of 814212 and 433188?
2268
Calculate the greatest common divisor of 86361665 and 115.
115
What is the highest common factor of 99 and 14398439?
11
What is the highest common divisor of 34725063 and 161005?
2477
What is the highest common factor of 7870829 and 202?
101
What is the highest common factor of 175 and 6419?
7
Calculate the highest common divisor of 80 and 2756376.
8
Calculate the highest common divisor of 2098385 and 6935.
365
What is the greatest common factor of 179431 and 4347?
7
Calculate the greatest common factor of 44 and 62017483.
11
What is the greatest common divisor of 788 and 14510232?
788
What is the highest common divisor of 215170058 and 488?
122
What is the highest common factor of 19926504 and 468?
468
Calculate the highest common factor of 14039745 and 2325.
465
Calculate the highest common divisor of 1862 and 2526354.
38
What is the highest common factor of 153132 and 7728?
84
What is the greatest common divisor of 39 and 1116157107?
39
Calculate the highest common factor of 401012169 and 30585.
6117
Calculate the greatest common factor of 589910 and 15360.
10
Calculate the highest common divisor of 35773 and 8716544.
431
Calculate the highest common divisor of 818534664 and 1674.
558
What is the greatest common factor of 6 and 3196185?
3
Calculate the greatest common factor of 18475338 and 16359.
861
Calculate the highest common divisor of 188 and 2162981924.
188
Calculate the greatest common divisor of 15575 and 143345.
5
Calculate the highest common factor of 61171 and 1565795.
913
What is the highest common factor of 70374938 and 13746?
4582
Calculate the greatest common factor of 9 and 544990590.
9
Calculate the greatest common divisor of 14656485 and 590.
295
What is the greatest common divisor of 1406718 and 248?
62
Calculate the highest common divisor of 1713 and 7287673.
571
What is the greatest common factor of 96150 and 225075?
75
What is the greatest common factor of 126 and 232072596?
126
Calculate the highest common factor of 299238 and 954174.
5646
Calculate the highest common divisor of 242136 and 2773392.
456
Calculate the greatest common factor of 529 and 10797419.
529
What is the highest common factor of 7046001 and 57539?
163
What is the highest common factor of 170595 and 63551655?
10035
What is the greatest common divisor of 650 and 722675?
25
Calculate the highest common divisor of 47306 and 46326.
14
What is the greatest common factor of 4136 and 1955571112?
4136
Calculate the greatest common factor of 149 and 877255529.
149
What is the highest common factor of 174 and 22063200?
174
Calculate the highest common factor of 46 and 449886302.
46
What is the highest common divisor of 5959240 and 4280?
40
What is the greatest common divisor of 48278439 and 9207?
3069
Calculate the highest common factor of 1530 a